{"id":1060,"date":"2023-11-17T10:20:06","date_gmt":"2023-11-17T09:20:06","guid":{"rendered":"http:\/\/localhost\/local\/?page_id=1060"},"modified":"2023-11-17T10:27:43","modified_gmt":"2023-11-17T09:27:43","slug":"nos-missions","status":"publish","type":"page","link":"https:\/\/sodexam.com\/?page_id=1060","title":{"rendered":"NOS MISSIONS"},"content":{"rendered":"\t\t<div data-elementor-type=\"wp-page\" data-elementor-id=\"1060\" class=\"elementor elementor-1060\" data-elementor-post-type=\"page\">\n\t\t\t\t<div class=\"elementor-element elementor-element-0dc4cd7 e-flex e-con-boxed e-con e-parent\" data-id=\"0dc4cd7\" data-element_type=\"container\" data-e-type=\"container\">\n\t\t\t\t\t<div class=\"e-con-inner\">\n\t\t\t\t<div class=\"elementor-element elementor-element-902de38 elementor-widget elementor-widget-text-editor\" data-id=\"902de38\" data-element_type=\"widget\" data-e-type=\"widget\" data-widget_type=\"text-editor.default\">\n\t\t\t\t<div class=\"elementor-widget-container\">\n\t\t\t\t\t\t\t\t\t<p>La SODEXAM est charg\u00e9e de :<\/p><ul><li>G\u00e9rer les services de contr\u00f4le de la circulation a\u00e9rienne, de s\u00e9curit\u00e9 incendie, de la m\u00e9t\u00e9orologie a\u00e9ronautique et des t\u00e9l\u00e9communications a\u00e9ronautiques, des aides terminales, de l\u2019entretien des pistes et installations sur les a\u00e9roports ivoiriens ouverts \u00e0 la Circulation A\u00e9rienne Publique, \u00e0 l\u2019exception des attributions de l\u2019Agence pour la S\u00e9curit\u00e9 de la Navigation A\u00e9rienne en Afrique et \u00e0 Madagascar (ASECNA), telles que d\u00e9finies \u00e0 l\u2019article 2 de la Convention de DAKAR ;<\/li><li>G\u00e9rer, au nom et pour le compte de l\u2019Etat, les infrastructures a\u00e9roportuaires, a\u00e9ronautiques et m\u00e9t\u00e9orologiques ;<\/li><li>G\u00e9rer les aires de mouvements et les installations commerciales sur les a\u00e9roports ivoiriens ouverts \u00e0 la Circulation A\u00e9rienne Publique, \u00e0 l\u2019exception des a\u00e9roports conc\u00e9d\u00e9s ;<\/li><li>Mener et coordonner les activit\u00e9s d\u2019observations, d\u2019\u00e9tudes et de pr\u00e9visions en m\u00e9t\u00e9orologie et dans les secteurs sp\u00e9cialis\u00e9s de la m\u00e9t\u00e9orologie ;<\/li><li>\u00c9tudier et r\u00e9aliser, dans les limites de ses ressources et sur l\u2019accord des Ministres de tutelle, les investissements a\u00e9ronautiques, a\u00e9roportuaires et m\u00e9t\u00e9orologiques ;<\/li><li>Ex\u00e9cuter des projets a\u00e9ronautiques, a\u00e9roportuaires et m\u00e9t\u00e9orologiques financ\u00e9s par l\u2019\u00c9tat ;<\/li><li>G\u00e9rer les activit\u00e9s d\u2019assistance au sol sur les a\u00e9roports ouverts \u00e0 la Circulation A\u00e9rienne Publique, sous r\u00e9serve des conventions existantes ;<\/li><li>Suivre et contr\u00f4ler les concessions d\u2019a\u00e9roports ;<\/li><li>\u00c9tablir les sch\u00e9mas directeurs des a\u00e9roports ouverts \u00e0 la Circulation A\u00e9rienne Publique ;<\/li><li>Coordonner les activit\u00e9s de tous les services publics et priv\u00e9s concernant l\u2019exploitation des a\u00e9roports ;<\/li><li>G\u00e9rer l\u2019occupation du domaine public a\u00e9roportuaire non conc\u00e9d\u00e9 ;<\/li><li>Assurer la supervision des activit\u00e9s du concessionnaire de l\u2019A\u00e9roport International F\u00e9lix HOUPHOUET BOIGNY d\u2019Abidjan en relation avec les autres services de l\u2019Administration ;<\/li><li>Assurer dans le domaine de sa comp\u00e9tence, les relations avec les organismes internationaux ; Et g\u00e9n\u00e9ralement, de toutes op\u00e9rations industrielles, commerciales, mobili\u00e8res, immobili\u00e8res et financi\u00e8res permettant de d\u00e9velopper les a\u00e9roports et les stations m\u00e9t\u00e9orologiques de l\u2019int\u00e9rieur du pays et, ou se rattachant directement ou indirectement \u00e0 son activit\u00e9.<\/li><\/ul>\t\t\t\t\t\t\t\t<\/div>\n\t\t\t\t<\/div>\n\t\t\t\t\t<\/div>\n\t\t\t\t<\/div>\n\t\t\t\t<\/div>\n\t\t","protected":false},"excerpt":{"rendered":"<p>La SODEXAM est charg\u00e9e de : G\u00e9rer les services de contr\u00f4le de la circulation a\u00e9rienne, de s\u00e9curit\u00e9 incendie, de la m\u00e9t\u00e9orologie a\u00e9ronautique et des t\u00e9l\u00e9communications a\u00e9ronautiques, des aides terminales, de l\u2019entretien des pistes et installations sur les a\u00e9roports ivoiriens ouverts \u00e0 la Circulation A\u00e9rienne Publique, \u00e0 l\u2019exception des attributions de l\u2019Agence pour la S\u00e9curit\u00e9 de [&hellip;]<\/p>\n","protected":false},"author":1,"featured_media":0,"parent":0,"menu_order":0,"comment_status":"closed","ping_status":"closed","template":"","meta":{"footnotes":""},"class_list":["post-1060","page","type-page","status-publish","hentry"],"_links":{"self":[{"href":"https:\/\/sodexam.com\/index.php?rest_route=\/wp\/v2\/pages\/1060","targetHints":{"allow":["GET"]}}],"collection":[{"href":"https:\/\/sodexam.com\/index.php?rest_route=\/wp\/v2\/pages"}],"about":[{"href":"https:\/\/sodexam.com\/index.php?rest_route=\/wp\/v2\/types\/page"}],"author":[{"embeddable":true,"href":"https:\/\/sodexam.com\/index.php?rest_route=\/wp\/v2\/users\/1"}],"replies":[{"embeddable":true,"href":"https:\/\/sodexam.com\/index.php?rest_route=%2Fwp%2Fv2%2Fcomments&post=1060"}],"version-history":[{"count":4,"href":"https:\/\/sodexam.com\/index.php?rest_route=\/wp\/v2\/pages\/1060\/revisions"}],"predecessor-version":[{"id":1066,"href":"https:\/\/sodexam.com\/index.php?rest_route=\/wp\/v2\/pages\/1060\/revisions\/1066"}],"wp:attachment":[{"href":"https:\/\/sodexam.com\/index.php?rest_route=%2Fwp%2Fv2%2Fmedia&parent=1060"}],"curies":[{"name":"wp","href":"https:\/\/api.w.org\/{rel}","templated":true}]}}